64. Suppose k*w = -1300 + 3722. What is the hundreds digit of w?
1
Let p(j) = 28705*j**2 + 12*j + 20. What is the hundreds digit of p(-1)?
7
Let b(l) = 23*l**2 + 13*l + 10. Let h be b(-9). Suppose -4*v + 205 = -3*x - h, -5*x - 1959 = -4*v. What is the hundreds digit of v?
4
Let u(c) = 15*c**2 + 3*c + 11. Let t be u(-4). Suppose -d - r = 103, 5*r - t = 4*d + 128. Let k = -6 - d. What is the units digit of k?
2
Let p(u) = 6*u - 3. Let q be p(1). Suppose -q*s - 132 = -405. Suppose 5*n = -2*c + 491, -4*n + s + 313 = -4*c. What is the tens digit of n?
9
Suppose 2*o + v = -1619, -4*o + 5*v - 3250 = 3*v. What is the units digit of (-2 - o) + 92/23?
3
Let k be (1 + (2 - 2))*-8. Let q be (-6)/k + 121/4 + -2. Let s = 7 + q. What is the tens digit of s?
3
Let i(w) be the second derivative of w**5/20 + 2*w**4/3 + 4*w**3/3 + 13*w**2/2 - 38*w. Let o be i(-7). Suppose 463 + 1301 = o*u. What is the tens digit of u?
9
Let q(f) = 34*f**2 - 11*f + 5. Let a be q(-5). Suppose a = -9*g + 4834. What is the units digit of g?
6
Let v be (-72)/(-54)*(-1)/2*-3. Suppose p + 3560 = v*y, -3*p = 2*y - 7*p - 3548. Suppose 0 = 5*j + 4*j - y. What is the hundreds digit of j?
1
Let u(t) be the third derivative of -19*t**5/60 + t**4/12 - 2*t**3/3 + 16*t**2. Let y be u(2). Let i = y - -192. What is the hundreds digit of i?
1
Let i(j) = -j**2 - 6*j + 5. Let z be i(-6). Let y(l) = 6 - 16*l**2 + 19*l**2 - 1 - l + 4*l. What is the units digit of y(z)?
5
Let w(g) = 4*g + 9180. Let k be w(0). Suppose 13*q - k = -2*q. Suppose 20 = 5*h, j + 3*j + 2*h = q. What is the units digit of j?
1
What is the thousands digit of (-9663)/(9*(-5)/90)?
9
Let v = -100 - -103. Suppose 0 = -3*g + v*l + 1794, 4*g - 5*l + 3*l - 2402 = 0. What is the hundreds digit of g?
6
Suppose -3*b + r + 5 = 0, -3*r + 27 = 10*b - 5*b. What is the units digit of ((-348)/16)/(b/(-16))?
6
What is the tens digit of (18282 - (44 + -13)) + 1 + (-5)/1?
4
Let y(b) = -66*b - 433. What is the hundreds digit of y(-33)?
7
Suppose 151*d - 81*d = 85*d - 84255. What is the tens digit of d?
1
Suppose -21 = 6*l + 27. Let w(f) = -f**2 - 9*f - 3. Let p be w(l). Suppose 0 = -2*z + p*z - 258. What is the units digit of z?
6
Suppose k + 0*s + 195 = -3*s, 4*k - 4*s = -860. Let z be 6/2 + -6*(-164)/3. Let f = k + z. What is the units digit of f?
1
Suppose 0 = -8*h + 2*h - 14*h + 47620. What is the hundreds digit of h?
3
Suppose 37*h + 85449 = 22*h + 22*h. What is the hundreds digit of h?
2
Let q(j) = 818*j - 3423. What is the thousands digit of q(64)?
8
Let m = 37364 - 15217. What is the units digit of m?
7
Suppose 5*g = 4*b + 290686 - 58189, -2*g = 2*b - 92988. What is the thousands digit of g?
6
Let r = 139 - -129. Suppose 4*d - 5*t - r = 105, -d + 62 = 5*t. What is the tens digit of d?
8
Let h(s) be the second derivative of s**3/3 - 28*s**2 - s. Let q be h(22). What is the tens digit of (-577)/(-7) - q/21 - -4?
8
Suppose 4*i = g - 6, 0 = 2*i - 4 - 0. Suppose 2452 + 1258 = g*r. What is the hundreds digit of r?
2
Let l(k) = -6*k**2 + 64*k + 40. Suppose 4 = 2*p - 0*p. Let i(q) = -q**2 + 13*q + 8. Let g(s) = p*l(s) - 11*i(s). What is the units digit of g(-11)?
6
Let s = -354 - -291. What is the hundreds digit of 84/s*813/(-2)?
5
Let n(s) = -s**2 + 23*s - 61. Let r be n(17). Let h = r - -265. What is the tens digit of h?
0
Suppose 5*i - 2113 = 2332. Let o = 647 + 812. Suppose 5*h - f = o, -h + 4*h - i = 4*f. What is the units digit of h?
1
Let r = 2817 - 580. Suppose -r = -5*i + 33. What is the units digit of i?
4
Suppose -15*c + 6*c + 18 = 0. Let v(l) = l**3 - 4*l**2 - 4*l. Let f be v(5). Suppose 2*z = c*o + o + 145, 0 = f*z - 2*o - 368. What is the tens digit of z?
7
Suppose 5*y - 1760 = 5*v, -69 - 273 = -y - 4*v. Suppose -y = -6*k + 1258. What is the tens digit of k?
6
Suppose -25 = -2*g - 3*s, 5*g = 5*s - 0*s + 75. Suppose 0*h = -g*h + 9268. What is the hundreds digit of h?
6
What is the hundreds digit of ((-31430)/3)/(0 - (0 + (-4)/(-6)))?
7
Let v be (9/(-4))/9 - 27860/(-16). Suppose -4*l + 3486 = 4*f - 2*l, -3*l = 2*f - v. What is the tens digit of f?
7
Let j = 11120 - 3295. What is the tens digit of j?
2
Let b = -2856 - -6516. What is the tens digit of b?
6
Suppose -3*d + a + 3898 = 0, 6*a + 6499 = 5*d + 2*a. What is the hundreds digit of d?
2
Let r(a) = -5*a + 80. Let w(s) = s - 20. Let m(y) = 2*r(y) + 9*w(y). Let d be m(-6). What is the units digit of 5/(175/d)*(-1540)/2?
8
What is the hundreds digit of -9 + 27764 - (-3 + -8 + 21)?
7
Suppose 4*a = -5*x + 140645, -x - 28872 - 111815 = -4*a. What is the units digit of a?
0
Let b(d) = d**3 - 8*d**2 + 4*d - 43. Let l = 868 + -854. What is the tens digit of b(l)?
8
Let o be (-6)/10 - (-1057)/(-5). Suppose 3*c - c - 2*t = -4, 12 = -4*t. What is the units digit of (-4 - 54/(-15)) + o/c?
2
Let r = 575 + -251. Suppose -4*i + r + 835 = -5*x, 0 = -2*i + 2*x + 578. Suppose -p = -2*m + 191, 3*m - 5*p + 4*p - i = 0. What is the units digit of m?
5
Let o(z) = z**2 + 210*z - 104. What is the ten thousands digit of o(45)?
1
Let f be (-3 + 5 + -3)/((-1)/3). Suppose 5*g - 4*b - 1815 = 0, f*b + 364 = g + 2*b. What is the units digit of g?
9
Let y(p) = -2*p**2 + 9*p + 11. Let k be y(5). Suppose k*j + 7*j - 949 = 0. What is the units digit of j?
3
Let q(p) be the first derivative of -47 + 5*p**2 + 32*p + 1/3*p**3. What is the tens digit of q(-19)?
0
Let a be 7*(24/9)/(14/3). Suppose -a*y + 5*s = -y, 0 = -s. Suppose 2*w + 5*u - 387 = y, -5*w + 643 = -2*w - 5*u. What is the hundreds digit of w?
2
Suppose t + 22 = 192. What is the tens digit of 11/(t/(-1540) - 4/(-22))?
5
Suppose p = -3*z + 67, -4*p - z = -0*z - 213. Let u(h) = 0 + 1 + p*h - 9 - 7. What is the tens digit of u(3)?
4
Let b(m) = 4*m + 62. Let l(s) = -s**3 - 17*s**2 + 35*s - 57. Let t be l(-19). What is the tens digit of b(t)?
6
Suppose 8 = -i + 5*i, -22 = 2*j - 4*i. Let o(k) be the second derivative of k**5/20 + 3*k**4/4 + 5*k**3/3 + 17*k**2/2 - 35*k. What is the units digit of o(j)?
5
Suppose -9*y = -98538 - 79043 + 48305. What is the hundreds digit of y?
3
Let g be (-12)/(-27) + 980/63. Suppose g*k + 5710 = 21566. What is the hundreds digit of k?
9
Let x be 1066/18 + (-12)/54. Suppose 5*s + 82 + 51 = b, 4*b = 5*s + 532. Let k = b - x. What is the units digit of k?
4
Let x = 50361 + -30621. What is the ten thousands digit of x?
1
What is the thousands digit of 3/((9/2)/((-48543)/(-22)))?
1
Let w = -7456 - -14616. What is the thousands digit of w?
7
Let n = 92 + 13. Let r be (38/(-3))/(7/(n/(-10))). What is the tens digit of 5540/35 + (-3 - r/(-7))?
5
Let l(r) = -r**2 + 10*r - 6. Let q be 1152/112 - 4/14. Let a be l(q). What is the tens digit of (-8)/16 + ((-465)/a)/5?
1
Suppose d - 5*u - 9165 = 0, -5*d - 66*u + 46041 = -64*u. What is the hundreds digit of d?
2
Let r(u) = 3727*u**3 + 8*u**2 - 48*u + 53. What is the hundreds digit of r(2)?
8
Let c(r) = -800*r - 1181. What is the hundreds digit of c(-12)?
4
Let d = -10857 + 16423. What is the hundreds digit of d?
5
Let u = -44 - -49. Let a be (2 + 0)*20/u. Let b(v) = 3*v + 29. What is the units digit of b(a)?
3
Suppose 3*c = 3*v - 66903, -3*c - 44604 = -29*v + 27*v. What is the units digit of v?
9
Let o(g) = -g**2 + 5*g + 12. Let i be o(5). Let p(t) = t**2 - 10*t + 12. Let k be p(i). Suppose 0 = 3*q - 375 + k. What is the hundreds digit of q?
1
Let v(d) be the first derivative of 4*d**3/3 + 7*d**2/2 + 7*d - 52. What is the units digit of v(-2)?
9
Let m be (-2)/(-4) - 85/(-34). Suppose -11*h = 19 + m. Let j = h - -15. What is the tens digit of j?
1
What is the units digit of 5/(30/60306) - -3*(-3)/9?
0
Let s(j) be the second derivative of j**5/20 + 7*j**4/4 + 20*j**3/3 + 45*j**2/2 + 5*j - 4. What is the units digit of s(-19)?
7
Suppose 0 = -2*y + 7*y + 10, -3*t + 10 = -5*y. Suppose 4*o + 52 = -t*o. Let g = o + 29. What is the units digit of g?
6
Let h(p) be the first derivative of -p**4/4 + 11*p**3/3 + 5*p**2/2 + 5*p + 46. What is the hundreds digit of h(9)?
2
Let l(k) = -2456*k + 36418. What is the thousands digit of l(0)?
6
Let q = -521 - -865. Let v = 411 - q. What is the tens digit of v?
6
Let x = 2183 - 942. Let j = x + -727. What is the tens digit of j?
1
Suppose 4*h + 5*c = 217, 0 = 3*h + 5*c - 18 - 151. Let n = h + -238. Let i = n + 297. What is the units digit of i?
7
Suppose 4*q = s - 2